/12)/((-1)/d)?
11
Suppose -k + 46 = 2*x - 2*k, -5*x - 2*k = -115. Calculate the remainder when 90 is divided by x.
21
What is the remainder when -1 - 1 - (-136)/(3 - 1) is divided by 24?
18
Suppose 50 = 2*z + 3*z. Suppose -4 = -v + z. Suppose 0 = 5*h - 129 + v. Calculate the remainder when 68 is divided by h.
22
Suppose 2*s - 4*c = 34, 2*c - 11 = -3*s - 0*c. What is the remainder when 18 is divided by s?
4
Let s(r) = r**2 + 16*r - 18. Calculate the remainder when s(-19) is divided by 20.
19
Let s be 572/(-16) - (-1)/(-4). What is the remainder when 16 is divided by s/(-6)*(-3)/(-2)?
7
Suppose 2*a = -g + a + 2, -3*g - a + 10 = 0. Suppose g*w - 60 = -2*x, -3*w - x = -5*w + 30. Calculate the remainder when w is divided by 8.
7
Suppose -7*y + 20 = -2*y. Let z(j) = -1 + 0*j**3 - y*j**2 + 3*j**2 - j**3 - j + 3*j**2. Calculate the remainder when z(-2) is divided by 6.
5
Let v(m) be the first derivative of m + 15/2*m**2 + 2. Calculate the remainder when v(2) is divided by 11.
9
Suppose 0 = -4*j + 2*k + 40 + 16, 4*j - 5*k - 50 = 0. Calculate the remainder when 41 is divided by j.
11
What is the remainder when (-33)/(-44) - 34/(-8) is divided by 5?
0
Let i(r) = 2*r**2 + 6*r + 2. Calculate the remainder when -3 + -2 + 4 + 20 is divided by i(-4).
9
Suppose 2*d = -1 + 27. Suppose -2*t - 16 = -4*y, 0 = -0*y + y - 2*t - 10. Suppose y*w - 9 = 65. What is the remainder when w is divided by d?
11
Let l(u) be the first derivative of -1/4*u**4 - 1/2*u**2 + 2*u**3 - 1 - 7*u. Calculate the remainder when 38 is divided by l(5).
12
Let j(r) = 2*r. Let i be j(1). Calculate the remainder when 9 is divided by i + -1 + 12/3.
4
Suppose 0 = 2*j - 2 - 4. What is the remainder when 4 is divided by j?
1
Let h(w) = -8*w**3 - 3*w**2 - w + 1. Suppose 7*l = 3*l + 144. Let j = -22 + l. What is the remainder when h(-2) is divided by j?
13
Let a be 1/1 - (1 + -3). Suppose 7 = a*t - 5. Calculate the remainder when 10 is divided by t.
2
Let k(d) = -d**2 - 8*d. Suppose -21 = 2*a - 9. Calculate the remainder when 23 is divided by k(a).
11
Suppose 0 = o - 3*u + 19, 0*u + 33 = -2*o + u. Let b = -5 - o. Let w(g) = -16*g - 1. What is the remainder when w(-2) is divided by b?
9
Suppose -2*b - 8 = 2*b. Let k be (b/4)/((-4)/(-8)). Let s(v) = -37*v + 1. What is the remainder when s(k) is divided by 13?
12
Calculate the remainder when 28 is divided by -2 - (-7 + 1) - -4.
4
Let r = 11 - 9. Calculate the remainder when 13 is divided by r.
1
Let f = -189 + 193. What is the remainder when f is divided by 4/(-10) - (-44)/10?
0
Let r(x) = 3*x**2 + 6*x + 6. Let s be r(-4). Let d = 13 + s. Calculate the remainder when d is divided by 12.
7
Let l(f) = -11*f**2 - f - 10. Let w(n) = -5*n**2 - n - 5. Let u(t) = 6*l(t) - 13*w(t). What is the remainder when 27 is divided by u(5)?
12
Let i = 2 - 2. Suppose 3*d + 0*d - 33 = i. Let c(t) = -t**2 - 9*t - 5. What is the remainder when d is divided by c(-8)?
2
Let o = -20 - -33. Calculate the remainder when -2 - -1*(23 - -2) is divided by o.
10
Let t be (-2)/7 + 128/7. Suppose 3*s - 5*s + t = 0. What is the remainder when s is divided by 4?
1
Suppose 0 = -v - j + 3, v + j - 12 = -3*j. Let b be 2 - (0 - 0 - v). Suppose 0*o = b*o - 20. What is the remainder when o is divided by 6?
4
Let f = 37 + -20. Suppose -5*g = 2*i - 7 - 43, 0 = 3*g - 4*i - 4. Let q = f - g. Calculate the remainder when 16 is divided by q.
7
Let s = -9 + 20. Let r(z) = 4*z**2 - 3*z - 2. Calculate the remainder when r(-2) is divided by s.
9
Suppose 7*r = 2*r + 60. Suppose a - 49 = 2*f, 4*f + 5 = 1. Calculate the remainder when a is divided by r.
11
Suppose 2*u = -8, r - 26 - 2 = -4*u. Suppose 5*k - c = r - 19, -3*k + c = -17. Calculate the remainder when k is divided by 3.
1
Let l(y) be the first derivative of -y**2/2 + 18*y - 2. What is the remainder when ((-10)/6)/(1/(-21)) is divided by l(0)?
17
Suppose 0 = 3*c - 177 - 45. What is the remainder when c is divided by 19?
17
Let j = -6 + 23. What is the remainder when 30 is divided by j?
13
Let h be (48/(-14))/(18/(-63)). Suppose -2*a - 2*a = -h. What is the remainder when 13 is divided by a?
1
Let x(m) = -2*m + 2. Let v be x(-2). What is the remainder when 61 is divided by ((-2)/v)/(2/(-126))?
19
Let i = 7 + 2. Calculate the remainder when 35 is divided by i.
8
Suppose -k + 0*d - 3*d = 3, k + 5*d + 3 = 0. Suppose -4*h - 69 - 15 = 0. Calculate the remainder when 18 is divided by ((-70)/h)/((-1)/k).
8
Suppose 5*s - 16 = -3*q, 4*s - 5*q - 1 = -3. Suppose s = 3*g - 7. Suppose -139 = -g*l - 22. What is the remainder when l is divided by 10?
9
Let a be 2 - -3*151/(-3). Let y = -79 - a. What is the remainder when y is divided by 18?
16
Let b(f) = -f**3 + 7*f**2 - 7*f + 6. Let y be b(6). Suppose 3*h + y*h = 48. What is the remainder when (-3 + -1 - -2) + 33 is divided by h?
15
Let l(z) = -z + 12. Let c be l(9). Suppose -4*w + 17 = 4*d - c*w, -2*w = -2. What is the remainder when 6 is divided by d?
2
Let m(n) = -5*n + 7. Let f = 25 + -13. What is the remainder when m(-3) is divided by f?
10
Suppose 5*u + 12 - 104 = -2*z, 0 = -2*u + 4. What is the remainder when 122 is divided by z?
40
Let w = -14 - -17. Let l = -4 + 5. Let j(a) = a + 1. What is the remainder when w is divided by j(l)?
1
Suppose 3*n - 1 = 62. What is the remainder when 81 is divided by n?
18
Suppose 2*y - 5 = -v + y, -3*v + 11 = 4*y. Let t = v - -6. What is the remainder when t is divided by (-21)/(-3) - (0 - 1)?
7
Suppose 0 = -18*x + 14*x + 180. Calculate the remainder when x is divided by 2/(-3) - (-50)/3.
13
Calculate the remainder when 13 is divided by 3*((-13)/26)/((-3)/20).
3
Let w be ((-7)/(-3))/(2/(-6)). Calculate the remainder when 29 is divided by w/(-2)*(-40)/(-14).
9
Let y(l) = -l + 9. What is the remainder when 62 is divided by y(-7)?
14
Suppose -2*i + 54 = -32. Calculate the remainder when i is divided by 11.
10
Let u be 2*((-20)/(-8) + 0). Calculate the remainder when 6 is divided by (-39)/(-18) - u/30.
0
Let x(g) = -g**2 + 1. Let u be x(0). Let l be (0 - u) + -1 + 16. Let a = 29 - l. Calculate the remainder when a is divided by 8.
7
Let l = 13 - 60. Let d = l + 94. What is the remainder when d is divided by 25?
22
Let r = 10 - -10. Suppose -d = -0*d + 3*t - 36, -76 = -2*d - 2*t. What is the remainder when d is divided by r?
19
Suppose -4*w + 16 = -12. Let k = w - 5. What is the remainder when 5 is divided by k?
1
Let y(p) = -3*p - 1. Let x(m) = 25*m + 8. Let t(d) = 6*x(d) + 51*y(d). What is the remainder when t(-5) is divided by 7?
5
Let m = 130 - 91. Suppose 9 = 3*j - 0*j + 3*f, 5*j - f = m. Let y(x) = -x + 10. What is the remainder when j is divided by y(7)?
1
Suppose 2*m + 0*u - u = 22, -4*u = m - 20. Suppose 2937 = -4*b + 289. Calculate the remainder when b/(-14) + 2/(-7) is divided by m.
11
Suppose 3*d - 57 = 36. Suppose 5*b - 66 = -b. Calculate the remainder when d is divided by b.
9
Let y be (-7 - 0) + 9/3. What is the remainder when 15 + (1*y)/(-2) is divided by 5?
2
Let o = -25 - -35. Let j = 17 - o. What is the remainder when j is divided by (-8)/((-3)/9 - 10/6)?
3
Let t = 23 + -13. Let u(g) = -3*g - 4. Let k(l) = -12*l - 15. Let f(w) = -4*k(w) + 15*u(w). Calculate the remainder when t is divided by f(2).
4
Let x = 22 - 41. Let v = -9 - x. Calculate the remainder when 28 is divided by v.
8
Let g(v) = 3*v + 54. Calculate the remainder when g(14) is divided by 11.
8
Let k = -170 - -213. Calculate the remainder when k is divided by 15.
13
Let k(p) = -17*p + 4. Let o be k(-4). Suppose o = v + 3*v. Suppose -2*d - d + 27 = -5*w, 2*d = -4*w + v. Calculate the remainder when 16 is divided by d.
7
Let t(p) be the third derivative of -p**4/12 - p**3/3 - 2*p**2. Calculate the remainder when t(-5) is divided by 1*(-2 + 1 + 6).
3
Let o be ((-3)/2 + 2)*-244. Let n = -201 + 378. Let f = o + n. What is the remainder when f is divided by 19?
17
Suppose -30 = -2*o + 2*s, 2*o + 3*s - 16 + 1 = 0. What is the remainder when 33 is divided by o?
9
Suppose -4*r - 3*r + 1323 = 0. What is the remainder when r is divided by 12?
9
Let v = 9 + 39. What is the remainder when v is divided by 17?
14
Let b = -6 - -10. What is the remainder when (9/3 + -2)*6 is divided by b?
2
Suppose -2*v + 15 = 3*v. Suppose 2*d = -3*s + 22 + 15, -4*s = 5*d - 40. Let t = -11 + s. What is the remainder when t 